-3*a(k) - 5*x(k). List the prime factors of q(-5).
3
Let b = 350 + -161. List the prime factors of b.
3, 7
Let c be (1/(-2))/((-3)/42) - 3. Suppose -c*w = -2*t - 132, t + 163 = 5*w - t. List the prime factors of w.
31
List the prime factors of (-636)/5*(-9 + (-104)/(-16)).
2, 3, 53
Let r(l) = 15*l**3 + 5*l**2 + l - 4. Let t be (-3)/(-12) - ((-76)/16 - -3). List the prime factors of r(t).
2, 3, 23
List the prime factors of 67492/26 + (-362)/(-2353).
2, 11, 59
Let h(n) be the third derivative of n**5/2 - n**4/8 + 7*n**3/6 - 7*n**2. Let v be h(3). What are the prime factors of 4/18 - v/(-9)?
2, 3, 5
Suppose 3*z + 0*z = l + 5, 5*z - 13 = 4*l. Let t be 3/l*2*1. List the prime factors of 48 - (t + 1 - -1).
7
Suppose d + d = 0. Suppose -4*m + 3*j + 78 = d, 3*j + 6 = m - 18. Suppose -5*o - 47 = -2*x + m, 5*o = -15. What are the prime factors of x?
5
Let p be (2/1)/(4/174). Suppose 2*y - 3*c - p = 0, 0 - 1 = c. Suppose h - y = -2. What are the prime factors of h?
2, 5
Let o(i) = -4*i + 35. Let d be o(12). Let a(r) = -13*r + 1. What are the prime factors of a(d)?
2, 5, 17
Suppose -5*m - 3*j = -1683, 3*m + 3*j - 919 - 86 = 0. List the prime factors of m.
3, 113
Let u be 2/(-10) + 11/55. Let i be (-13 + -1)/(-2 + u). Suppose i*x - 5*x = 14. List the prime factors of x.
7
Let h(w) = 4*w**2 + 3*w + 3. Let o(f) = -f**3 + 3*f**2 + 6*f - 3. Let t be o(4). Suppose 10*i = t*i + 15. List the prime factors of h(i).
2, 3
Suppose 10*z - 13469 = -5069. Suppose -8*f = -f - z. List the prime factors of f.
2, 3, 5
Let m = -131 - -73. Let p = -49 - m. What are the prime factors of p?
3
Let t be -1*9*(-10)/10. Suppose -3*n - t = 0, n - 78 = -0*r - 3*r. List the prime factors of r.
3
Let h(p) = 50*p + 8. Let i be h(3). Let q = i - 90. What are the prime factors of q?
2, 17
Suppose -o = 4, -480 = -4*q + 2*o - 7*o. Suppose -5*x = -q - 35. List the prime factors of x.
2
Let x(r) = -r**3 - 10*r**2 - 8*r + 17. What are the prime factors of x(-15)?
2, 631
Let b(f) be the first derivative of 7*f**2/2 + 6*f + 1. Suppose -n = 3*q - 11, 3*q - 4*n = -9 + 40. What are the prime factors of b(q)?
41
Let z be (-1 + (-13)/(-3) + -4)*-9. List the prime factors of z/12*(-1)/((-2)/556).
139
Suppose 5*r - 6*r = 7. Let u = 9 + r. Suppose -5*x = -0*x + c - 149, 2*c - 58 = -u*x. List the prime factors of x.
2, 3, 5
Let v = 634 + -380. What are the prime factors of v?
2, 127
Let m(x) = -x**3 + x**2 + 18*x - 5. Let o(z) = z**2 - z + 1. Let u(i) = m(i) + 4*o(i). List the prime factors of u(-4).
3, 29
Let r = 7968 + -5238. What are the prime factors of r?
2, 3, 5, 7, 13
Let d = 11 - 9. Suppose -28 = 2*k + d*k. Let g = k + 35. What are the prime factors of g?
2, 7
Let h be 39 + -4 + -1 - 1. Let y(p) = 4*p**2 - p**3 + h - p**2 + 2*p - 2*p**2. What are the prime factors of y(0)?
3, 11
Suppose 0 = -8*f + 6230 + 146. What are the prime factors of f?
797
Let j = -2629 - -4908. What are the prime factors of j?
43, 53
Let d(y) = 7*y**3 - 2*y**2 - 1. Let w be d(2). Let q(o) = o**3 + w*o - 12*o**2 + 9 - 47*o. What are the prime factors of q(12)?
3
Let u be (59*(-1)/(-1))/(8/8). Let q = u - 14. What are the prime factors of q?
3, 5
Let l = -852 + 2255. What are the prime factors of l?
23, 61
Suppose -4*s + 11520 = 4*g, -s = -13*g + 10*g + 8628. What are the prime factors of g?
3, 7, 137
Suppose 8*s = -3120 + 4896. List the prime factors of s.
2, 3, 37
Suppose -3*a + 4*m + 1148 = 9*m, 4*m = 3*a - 1193. List the prime factors of a.
17, 23
Suppose 5*s - 7*s = -128. Let r = s + -33. List the prime factors of r.
31
Let b = 67 + -97. List the prime factors of ((-570)/(-8))/5*(-320)/b.
2, 19
Let t = -1891 + 4976. What are the prime factors of t?
5, 617
Suppose 0*z - 145 = -z. Let s = 332 - z. What are the prime factors of s?
11, 17
Let p(g) = -g**2 + 14*g - 8. Let y(d) = -d. Let z(o) = p(o) + 4*y(o). Let a be z(7). Suppose i - a = -3. What are the prime factors of i?
2, 5
Suppose 24*o + 3568 = 23536. List the prime factors of o.
2, 13
What are the prime factors of (-19748)/(-44) - 10/(-55)?
449
Let c(k) = -k - 4. Let w(q) = -q - 3. Let g(s) = 4*c(s) - 3*w(s). What are the prime factors of g(-12)?
5
Let b = -2119 - -3080. What are the prime factors of b?
31
Let q(z) = z - 3. Let r be q(3). Suppose r = -c - 3 - 1. What are the prime factors of 90/c*(-16)/8?
3, 5
Let j(w) be the first derivative of w**6/360 + w**5/10 + 5*w**4/8 - w**3/3 + 4. Let x(q) be the third derivative of j(q). List the prime factors of x(-12).
3, 5
Suppose 4*x - 2*x + 280 = -d, 4*x - d + 548 = 0. Let g = 212 + x. List the prime factors of g.
2, 37
Suppose 0 = 5*n + s + 4*s + 90, 4*n + 3*s = -73. Let k(u) = -2*u + 80. List the prime factors of k(n).
2, 59
List the prime factors of 140*(128/80)/(2/5).
2, 5, 7
Suppose -2*a + 6 = -0. Suppose -s + 1 - 5 = 0, 4*s + 40 = -a*b. Let n = b + 19. List the prime factors of n.
11
Suppose -1273 = -6*t + 4*t + 5*d, -3*d + 3229 = 5*t. Suppose 137*f - 133*f = t. List the prime factors of f.
7, 23
Let q be 11 - 8 - (-1 - -1). Suppose 82 = 4*r - 3*r + q*j, 0 = -3*r - 4*j + 246. List the prime factors of r.
2, 41
Suppose -24 - 4 = -2*c. Suppose 4*v - c = 118. List the prime factors of v.
3, 11
Suppose 5 + 10 = i - 5*j, -3*j = -3*i + 21. Suppose i*p = p + 16. Suppose 9*r - 120 = p*r. List the prime factors of r.
2, 3
Suppose -4*a - 3*k + 3408 = 0, 0 = 2*a + 2*k - 498 - 1208. What are the prime factors of a?
3, 283
Let u(x) = x**3 - 4*x**2 - 10*x + 9. Suppose -2*h + 51 = 5*q, -3*q + 8*q = -h + 48. Let z = q + -3. List the prime factors of u(z).
3, 7
Let s = 7274 - 4295. What are the prime factors of s?
3, 331
Suppose -i = 5*z - 1461 - 104, 4*i + z = 6317. List the prime factors of i.
2, 5, 79
Let z = -6 + 2. Let u(h) = -5 - 5*h - h**3 + 4 + 5 - 3*h**2. What are the prime factors of u(z)?
2, 5
Let j = -5811 + 8517. What are the prime factors of j?
2, 3, 11, 41
Suppose 2*c = 3*c - 4. Suppose c*g - 291 + 71 = 0. What are the prime factors of g?
5, 11
Let k(s) = -5*s + 5. Let g be k(-11). Suppose 5*a = 2*u + g, 2*u + 2 + 2 = a. Suppose a*i - 11*i = 84. List the prime factors of i.
2, 7
Let w be 0 + 4/(-6)*-3. Suppose l - 16 = -g, g = 2*l + w*l - 39. Let b = l + 16. What are the prime factors of b?
3
Let z(i) = -432*i - 273. List the prime factors of z(-4).
3, 5, 97
Suppose 104 + 189 = y. List the prime factors of y.
293
What are the prime factors of 3102 + 2 + -2*45/18?
3, 1033
Let b be 44*(45/12)/(-5). What are the prime factors of ((-18)/27)/(2/b)?
11
Let d be (-1)/(-1 - -2) - -18. Let t = d + -12. Suppose t*a = 36 + 204. List the prime factors of a.
2, 3
What are the prime factors of -42 + 46 - (51/(-1) - -2)?
53
What are the prime factors of (-2)/(-45)*-3 - (-150170)/150?
7, 11, 13
Let c be (-2 + 3)/((-1)/(-34)). Let b(o) = -o + 12. Let y be b(-6). Let s = c - y. List the prime factors of s.
2
Suppose 17*d - 21*d = -1804. What are the prime factors of d?
11, 41
Let t = -2034 + 2851. List the prime factors of t.
19, 43
Suppose 0 = 2*c - 6 + 12. List the prime factors of 249 + -3 + 12/c.
2, 11
Suppose 5*r - 905 = -5*m, 3*r - 350 = r + 2*m. Let l = r + -118. What are the prime factors of l?
2, 3, 5
List the prime factors of (1 + 4)*(4808/8 - -3).
2, 5, 151
Suppose -2*s + 96 = 2*s + 2*q, -2*q - 34 = -s. Let r = s - 20. List the prime factors of r.
2, 3
Let q(g) = 111*g**2 - 8*g - 16. List the prime factors of q(-2).
2, 3, 37
Let t(k) = 79*k**2 + 4*k + 1. Let l be t(-3). Let b be l/21 - 1/3. Let r = b - 14. What are the prime factors of r?
19
Let a = 119 + -83. Let z be (a/(-15))/((-6)/20). Suppose -s - z = -41. What are the prime factors of s?
3, 11
Suppose 3*g - 10206 = -6*g. Suppose -7*h + g = -273. What are the prime factors of h?
3, 67
Suppose 450 = q - 72. What are the prime factors of q?
2, 3, 29
Let f = 6 + 1. Let v(k) = k - 6. Let j be v(f). What are the prime factors of 23/(-2)*(-2)/j?
23
Let l(a) be the third derivative of -a**5/60 - 11*a**4/12 + 9*a**3/2 - 5*a**2. What are the prime factors of l(-11)?
2, 37
Suppose 0 = -11*g + 5856 - 257. What are the prime factors of g?
509
Let r(c) = -c**3 - 11*c**2 + 11*c - 15. Let l be r(-12). Let m be -9 + 1 + 19 + -17. What are the prime factors of 1 - m/l - -32?
31
Let v(p) = -80*p + 81. What are the prime factors of v(-15)?
3, 7, 61
Let t be 2/(-9) - 320/(-144). Sup